4
What is 3 + (-11 - 1) + 3 - -7?
1
What is the value of -5 + -7 + 13 + -9 + 9 + 6?
7
Evaluate (51 - 42) + -8 + -12.
-11
What is the value of -1 + 4 + -9 + 13 + -18 + 11?
0
What is the value of -21 - -8 - 5 - 1 - -7?
-12
Calculate 0 + -4 - (39 + -42) - (-11 + 4).
6
What is (197 - 221) + (1 - (0 - -9)) + 10?
-22
(11 - (-15 - (-22 + 9))) + -11
2
(7 - 8 - 3) + -9
-13
(0 - 1) + (13 + -6 - 2)
4
-4 - ((1 - 3) + 1) - 9
-12
What is (-15 - -8) + 12 - (-9 - -1)?
13
What is -4 + 20 + -24 + 8?
0
What is (17 - (0 - 7 - -11)) + 7 + -7?
13
What is the value of -1 + 19 + 13 + -21 + 4?
14
Calculate (-2 - 8) + (3 + -4 + 5 - 5).
-11
Calculate 7 + -3 + -7 + 16 + (-4 - -3).
12
Calculate (-13 - (-24 - -10)) + -8.
-7
What is the value of (5 - (-2 - -5)) + 3 + (5 - 5)?
5
Evaluate 6 + (-47 - 0) - -59.
18
What is 27 - 12 - 15 - (-7 - -2)?
5
What is (2 - 2 - 5) + (56 - 106 - -47)?
-8
What is -10 + (2 + -18 - -38)?
12
What is the value of 9 + 26 + (-10 - 6) + -35?
-16
What is (-7 - -1) + (2 + -20 - -19) - -3?
-2
Evaluate (6 - -2) + (7 - 4) + -7 + -15.
-11
What is the value of 26 + 3 + -2 + 2 + -16?
13
What is the value of (2 - 5 - -3 - 5) + 17 + -11?
1
(-13 - (-29 + 20)) + 3 + 1 + -1
-1
7 + 4 + -9 + -4 + 2 + -3
-3
Calculate 9 + -1 + 8 + 4 + -4 + -1.
15
Evaluate -4 + 1 + 14 + -1.
10
What is (-826 - -806) + -13 + (-5 - -2)?
-36
What is 12 - (-25 - -24 - (-12 - 2))?
-1
Calculate (0 - -12) + (-17 - (-23 + -2)).
20
Calculate 3 + (14 - 15 - 6).
-4
What is -5 + 10 + 11 - (2 + 3)?
11
Calculate (-2 + 3 - -21) + -20.
2
What is the value of (-13 + 20 - (2 + 4)) + -3?
-2
(-10 - -4 - -2) + -3 + 10
3
Evaluate (14 - 48) + 23 + -17.
-28
Evaluate (4 - 14) + (-35 - -18 - -31).
4
What is the value of 18 + -7 + -20 - (-47 - -10)?
28
Evaluate -16 - ((-34 - -16) + 4).
-2
Evaluate (4 - -3) + -4 + 13 + -2.
14
What is the value of (-9 - (7 + -10 + 0)) + 8?
2
What is -30 + 7 + 31 - 16?
-8
Evaluate 2 + -2 - (4 + (-22 - -14)).
4
What is 11 + -5 - (43 - 31)?
-6
Evaluate (-20 - -2) + (27 - (13 + 10)).
-14
What is 6 - (10 - (5 + 4 - 3))?
2
Calculate 426 - 439 - (-42 + 2).
27
Calculate -123 - -89 - (3 + -46).
9
Calculate 3 - (-52 + 27 - ((0 - -1) + -9)).
20
What is the value of -27 + 30 + 0 + -2 + 8?
9
Calculate -23 + 0 - (-469 - -439).
7
What is the value of -9 - (4 + -12 + 1 - 4)?
2
What is the value of -189 + 153 + (55 - -5)?
24
What is (-28 - -40) + -50 - -50?
12
Calculate -2 + (2 - 4) - (929 - 932).
-1
What is (-17 - -1) + 0 + -3 + 10 + -4?
-13
Calculate -3 + (11 - (4 - 4)) + (4 - 6).
6
What is the value of (14 + -15 - -19 - 12) + (1 - 2)?
5
(14 - (6 - 5 - -3)) + -3 - -9
16
What is the value of -2 + (-11 - (3 - 6)) + 15 + -2?
3
Calculate (2 - -4) + -25 + 9.
-10
What is 18 + (11 - 17) + 6?
18
Calculate 2360 + -2354 + (-18 + -2 - 1).
-15
What is the value of -4 + -1 - (23 + -31 - -23)?
-20
(14 - 15) + 13 - 18
-6
Evaluate -1 + -17 + 36 - 24.
-6
Evaluate 1 - (26 + -17 - -2) - 12.
-22
1 - 15 - (-16 - -46 - 34)
-10
Evaluate (-6 - -5 - -2) + -11.
-10
Calculate (1 - 9) + (-4 + 12 - (3 + -9)).
6
17 - (43 + -64) - 36
2
2 - -4 - (-9 + -3 + (-3 - -9))
12
What is the value of 6 + (11 + 3 - (7 + 2)) - 14?
-3
What is (-24 + -32 - -28) + -10?
-38
Calculate (6 - (26 - 17)) + -10.
-13
Evaluate 29 - (22 + 6 + -21).
22
What is -8 - (-8 - 0) - 3?
-3
What is 16 + -64 + 27 - -23?
2
-183 + 194 + (-19 - 1)
-9
What is 7 + 1 + -43 + (6 + 8 - 8)?
-29
Calculate 4 + 10 + (18 - 9 - -2).
25
What is the value of -245 - -248 - ((-3 - 0) + -15)?
21
What is -25 + (1 - 3) + 31 + (0 - 24)?
-20
What is -3 - (5 - 32) - 24?
0
What is 3 + -7 + 10 - ((-1 - -5) + -8)?
10
What is the value of 10 + (-12 - -9 - -1) - 13?
-5
(4 - (-6 - (-1 + -3))) + -12 + 3
-3
Evaluate (3 + 11 - (7 - -1)) + 33.
39
What is the value of 7 + 10 + (-17 - -10)?
10
Calculate (12 - 2) + (21 - 1) + -94 + 81.
17
1 - 9 - (303 - 299)
-12
What is the value of 11 - (8 + 14 - 26)?
15
Evaluate (-23 - (-37 + 2)) + 3 + -4 - 9.
2
What is (7 - 0) + (145 - 149)?
3
What is -13 + (6 + -5 - 1) - 5?
-18
8 + (-8 - (-8 + (3 - 11 - -13)))
3
What is the value of (-5 - -32) + -73 - -31?
-15
Evaluate -103 + 60 + 47 + -10 + (-2 - -1).
-7
What is the value of 9 - (-10 - (-3 + (-9 - -9 - 8)))?
8
What is the value of 18 + -30 + 26 - (-1 - -14)?
1
Evaluate (9 - 44 - -41) + 1 + 0 + 5.
12
Evaluate (-2 - 8) + -5 - ((0 - -3) + -6).
-12
What is the value of 3 - -1 - (-35 + 23 + 24)?
-8
What is the value of 25 - 29 - -7 - (-1 - -17)?
-13
What is 8 + (-22 - -4) + (-7 - -5) + 1?
-11
-6 + -3 - -23 - 19
-5
Evaluate (12 - 1) + 3 - (44 - 38).
8
What is (241 - 263 - (-10 + 1)) + 1?
-12
Calculate 25 + (24 - 36) + 13 + 2.
28
What is 4 - (-13 - (-15 - -7))?
9
What is -82 - -90 - (-2 - -13)?
-3
What is (-1 - -6) + 19 - (9 - (4 + 2))?
21
What is the value of 4 - -1 - ((4 - 5) + -1)?
7
What is the value of (15 - 0) + (199 - 217)?
-3
Calculate 1 + 6 + 2 + 233 + -230.
12
Evaluate 28 - (33 + 26 + -11).
-20
What is -19 + 15 + 11 + 0 + -26 + 1?
-18
(6 - -5 - 12) + -12
-13
(-2 - -10) + -19 + 2 + 14
5
What is 4 + (-12 - (1 + -6)) + (-3 - -12)?
6
What is -4 - (-17 + (3 - 2 - -4))?
8
Calculate 102 - 84 - ((-2 - (1 - 1)) + 3).
17
What is the value of 14 - (18 + -16) - (0 + 1 + 1)?
10
Calculate 11 - (-60 - -71 - (1 - (1 + 7))).
-7
Calculate -2 - (-4 - -16) - ((24 - 54) + 24).
-8
Evaluate 1 + -2 + 0 + -3 - (-1023 + 997).
22
-8 - (6 + 1) - -10 - (-2 + 1)
-4
Calculate -111 + 101 + (1 + 5 - 4).
-8
What is (-5 - -5 - 5) + -13 + 16 + -5?
-7
Evaluate (5 - 2) + (-24 - -7 - -7) + -15.
-22
What is 2 - (-95 + 99 + (0 - -7))?
-9
Calculate -15 - (-13 + -5 + 24 + -16).
-5
-22 + 13 + (2 - (-5 - -8 - 8))
-2
(-11 - 1) + 5 - -12 - (-2 - 0)
7
Evaluate (16 - -2 - (-261 + 253)) + -12.
14
What is the value of (50 - 14) + 53 + -93?
-4
Calculate 0 + -38 - (-37 + 19).
-20
What is the value of (-41 + 14 - -30) + -21?
-18
Calculate (-3 - (-8 + -2)) + 4.
11
What is the value of -82 - -82 - (0 + 1)?
-1
Evaluate -2 + 0 + -2 + (5 - (2 - -9)).
-10
Calculate -19 + -8 + 19 - (-3 + 5).
-10
Calculate 7 + (1 - 11) + 3 + 3 + 10.
13
Evaluate 4 + 3 + (4 - (-1 - 1) - 22).
-9
(-9 - (-27 + 27)) + -12
-21
(4 - 5) + 2 + -8 + 4
-3
79 - 59 - (15 - 3)
8
8 + 15 + (-39 - -15) + (-6 - -1)
-6
What is the value of (3 - (2 - 7 - 11)) + 0?
19
What is 2 + -3 - (-21 + -12 + 8 + 11)?
13
What is -1 + 8 + -10 + -5?
-8
What is the value of 2 - (-13 - (9 + (-7 - 9)))?
8
Calculate -15 - (1 + -1) - (456 + -485).
14
What is the value of (13 - (22 + -13)) + -15?
-11
Calculate 23 + -21 + 25 + -13.
14
What is 7 + 1 + (-3 - (4 - -2)) - -27?
26
What is (82 - 97) + 1 + 2 + 4?
-8
Evaluate -25 + 19 - (-33 + 8 + -7).
26
What is -12 + (101 - 57) - ((10 - 2) + 0)?
24
Calculate -3 + -69 - (899 + -946).
-25
6 - (26 + (0 - 1) + 1116 + -1121)
-14
What is the value of 4 - (4 - (1 + 3) - -5) - 5?
-6
What is the value of 4 - (11 + -5 + -1 - 1)?
0
Calculate 16 - (5 - (-8 - 3)).
0
Calculate (78 - 90) + 15 + -2.
1
Calculate 1 - 6 - (2 + (-6 - (-1 - 1))).
-3
Evaluate 4 + (0 - 1) + -8 - -2.
-3
What is the value of 2 + -4 + 1 + (-157 - -148)?
-10
What is -15 + 2 + (-219 - -255) + -11?
12
Evaluate (68 - (124 - 48)) + 39 + (-2 - 0).
29
What is the value of -11 + (-4 - (5 + 2 + -1))?
-21
What is 10 - (-18 - -28 - (6 + 0))?
6
What is 7 - 16 - (-10 - 6)?
7
Calculate -17 + 16 - (-8 + 1 + 3 - -12).
-9
Calculate -35 + 13 + 58 - (11 - 3).
28
Evaluate (0 - -3 - 3) + -5.
-5
Evaluate (1 - 13) + (2 - -2) + -13.
-21
What is the value of 11 + (-6 + 12 - 6) + -2?
9
Evaluate 21 + (8 - 49) + 12.
-8
What is the value of 0 + (11 - 23 - -1)?
-11
(-7 - 1) + 4 + (-26 - (0 + -22))
-8
Evaluate (7 - (5 + 1) - -4) + 0 + -13.
-8
What is the value of 3 + -3 + 1 + -3 + (5 - 8)?
-5
What is the value of 1 - (-7 - -10) - 6?
-8
What is -6 + -3 + -16 + 14?
-11
What is (2 + (7 - -4) - 10) + (-7 - 1)?
-5
-1 - (6 + (-12 - -9 - 17))
13
Evaluate 1 + -9 - ((-24 - -16) + -4 + 18).
-14
What is 4 + -31 + -6 + 32?
-1
(-33 - (-3 + 0)) + 20 + 3 + -19
-26
Calculate -3 + 9 - 10 - (-11 - (-4 + 3)).
6
What is 19 + 2 + -9 + -25?
-13
Calculate 6 - (-69 + 69 - (3 + -1)).
8
What is -1 + (1 - -20) + -31 + -9 + 1?
-19
Evaluate -9 + -6 + (11 - 7) - -13.
2
Evaluate -2 + -8 + 8 + (5 - (-3 - -9)).
-3
Evaluate -9 - (-2 + 9 - 15 - -11).
-12
3 + -11 - (-1 + (-35 - -12 - -13))
3
-22 - (23 + -32) - -6
-7
Evaluate -9 - (5 - (-2 - (-12 + (8 - 0)))).
-12
Calculate 1 + -4 - (